he ten thousands digit of 360890?
6
What is the thousands digit of 1845544?
5
What is the ten thousands digit of 2011072?
1
What is the hundred thousands digit of 949262?
9
What is the ten thousands digit of 21149?
2
What is the ten thousands digit of 88934?
8
What is the tens digit of 13975027?
2
What is the thousands digit of 16479412?
9
What is the units digit of 20109733?
3
What is the hundreds digit of 1460681?
6
What is the hundreds digit of 3006734?
7
What is the ten thousands digit of 1327617?
2
What is the ten thousands digit of 2303403?
0
What is the thousands digit of 237698?
7
What is the units digit of 12993095?
5
What is the units digit of 7269408?
8
What is the units digit of 316390?
0
What is the thousands digit of 7715600?
5
What is the ten thousands digit of 1286733?
8
What is the units digit of 21136352?
2
What is the tens digit of 1068602?
0
What is the hundreds digit of 225278?
2
What is the thousands digit of 2822383?
2
What is the hundred thousands digit of 477381?
4
What is the hundred thousands digit of 2877147?
8
What is the ten thousands digit of 195982?
9
What is the ten thousands digit of 83607?
8
What is the ten thousands digit of 640379?
4
What is the ten thousands digit of 12543642?
4
What is the ten thousands digit of 4167926?
6
What is the hundred thousands digit of 466523?
4
What is the thousands digit of 18021591?
1
What is the hundred thousands digit of 3693127?
6
What is the millions digit of 13028315?
3
What is the tens digit of 2368130?
3
What is the tens digit of 7326?
2
What is the ten thousands digit of 83973?
8
What is the hundred thousands digit of 102416?
1
What is the thousands digit of 953481?
3
What is the hundreds digit of 9330304?
3
What is the ten millions digit of 12867399?
1
What is the thousands digit of 5040405?
0
What is the thousands digit of 480197?
0
What is the ten thousands digit of 877185?
7
What is the hundred thousands digit of 1690897?
6
What is the hundreds digit of 1880722?
7
What is the hundreds digit of 67739?
7
What is the tens digit of 147709?
0
What is the tens digit of 12589105?
0
What is the units digit of 30382949?
9
What is the tens digit of 12895330?
3
What is the ten thousands digit of 62748?
6
What is the thousands digit of 3352703?
2
What is the hundred thousands digit of 686072?
6
What is the thousands digit of 380284?
0
What is the units digit of 12188086?
6
What is the units digit of 27190998?
8
What is the hundred thousands digit of 507805?
5
What is the tens digit of 297053?
5
What is the hundreds digit of 4730969?
9
What is the hundreds digit of 949949?
9
What is the thousands digit of 619241?
9
What is the millions digit of 3425258?
3
What is the thousands digit of 413554?
3
What is the ten thousands digit of 3000033?
0
What is the thousands digit of 4661463?
1
What is the thousands digit of 1077073?
7
What is the hundred thousands digit of 336980?
3
What is the thousands digit of 30538215?
8
What is the tens digit of 8181496?
9
What is the units digit of 481396?
6
What is the millions digit of 5279965?
5
What is the thousands digit of 235706?
5
What is the millions digit of 10835433?
0
What is the tens digit of 563599?
9
What is the ten thousands digit of 1127242?
2
What is the hundred thousands digit of 7810163?
8
What is the tens digit of 252151?
5
What is the tens digit of 9026251?
5
What is the millions digit of 3972252?
3
What is the units digit of 4148679?
9
What is the thousands digit of 953468?
3
What is the thousands digit of 8408385?
8
What is the thousands digit of 503003?
3
What is the hundreds digit of 63941?
9
What is the units digit of 899432?
2
What is the hundreds digit of 8621782?
7
What is the tens digit of 3289976?
7
What is the thousands digit of 194437?
4
What is the hundreds digit of 3430999?
9
What is the tens digit of 770282?
8
What is the hundreds digit of 5766616?
6
What is the ten thousands digit of 200665?
0
What is the units digit of 300133?
3
What is the ten thousands digit of 15669?
1
What is the ten millions digit of 19160528?
1
What is the hundreds digit of 235487?
4
What is the tens digit of 115649?
4
What is the thousands digit of 902685?
2
What is the hundred thousands digit of 6953005?
9
What is the millions digit of 7188671?
7
What is the hundred thousands digit of 722090?
7
What is the tens digit of 152523?
2
What is the thousands digit of 3556853?
6
What is the ten thousands digit of 220908?
2
What is the thousands digit of 1481463?
1
What is the thousands digit of 687127?
7
What is the ten thousands digit of 5167470?
6
What is the hundreds digit of 4744792?
7
What is the ten thousands digit of 11559293?
5
What is the ten thousands digit of 2504052?
0
What is the thousands digit of 1547277?
7
What is the tens digit of 38392196?
9
What is the tens digit of 254858?
5
What is the millions digit of 1576329?
1
What is the thousands digit of 552022?
2
What is the hundred thousands digit of 9273982?
2
What is the thousands digit of 1012135?
2
What is the thousands digit of 5717968?
7
What is the thousands digit of 127154?
7
What is the tens digit of 250226?
2
What is the tens digit of 2550510?
1
What is the hundred thousands digit of 36830354?
8
What is the tens digit of 258315?
1
What is the units digit of 28717760?
0
What is the hundreds digit of 227298?
2
What is the hundred thousands digit of 3197853?
1
What is the thousands digit of 93504?
3
What is the thousands digit of 384613?
4
What is the millions digit of 2337736?
2
What is the hundred thousands digit of 1632315?
6
What is the hundreds digit of 479988?
9
What is the thousands digit of 4407143?
7
What is the tens digit of 841213?
1
What is the ten thousands digit of 474163?
7
What is the ten thousands digit of 168599?
6
What is the millions digit of 2857663?
2
What is the units digit of 231817?
7
What is the tens digit of 8776378?
7
What is the millions digit of 1100106?
1
What is the ten thousands digit of 4855976?
5
What is the thousands digit of 186065?
6
What is the hundreds digit of 26778?
7
What is the ten thousands digit of 299512?
9
What is the units digit of 460743?
3
What is the millions digit of 12230960?
2
What is the units digit of 20999935?
5
What is the hundreds digit of 5908093?
0
What is the hundred thousands digit of 653467?
6
What is the tens digit of 3275020?
2
What is the tens digit of 578709?
0
What is the tens digit of 256992?
9
What is the ten thousands digit of 6294567?
9
What is the units digit of 402375?
5
What is the units digit of 657685?
5
What is the tens digit of 76423?
2
What is the hundreds digit of 835135?
1
What is the tens digit of 115862?
6
What is the units digit of 8435618?
8
What is the millions digit of 8944977?
8
What is the millions digit of 1059307?
1
What is the hundred thousands digit of 1193192?
1
What is the hundred thousands digit of 1024952?
0
What is the units digit of 295641?
1
What is the tens digit of 40228053?
5
What is the tens digit of 14082112?
1
What is the ten thousands digit of 238581?
3
What is the tens digit of 1930432?
3
What is the ten thousands digit of 14676790?
7
What is the hundreds digit of 264096?
0
What is the hundred thousands digit of 182011?
1
What is the units digit of 2422128?
8
What is the millions digit of 5776238?
5
What is the tens digit of 167232?
3
What is the thousands digit of 3221894?
1
What is the units digit of 2862551?
1
What is the tens digit of 38733?
3
What is the hundreds digit of 4434001?
0
What is the units digit of 193275?
5
What is the units digit of 618138?
8
What is the ten thousands digit of 113943?
1
What is the thousands digit of 18500996?
0
What is the hundreds digit of 1131837?
8
What is the ten thousands digit of 5252039?
5
What is the thousands digit of 1467884?
7
What is the ten thousands digit of 1264643?
6
What is the hundred thousands digit of 1210386?
2
What is the hundreds digit of 84047?
0
What is the hundreds digit of 304336?
3
What is the hundred thousands digit of 397166?
3
What is the hundred thousands digit of 288331?
2
What is the hundreds digit of 2530135?
1
What is the tens digit of 15063?
6
What is the units digit of 49425?
5
What is the ten thousands digit of 56617?
5
What is the hundreds digit of 1173150?
1
What is the units digit of 4